{"id":1950,"date":"2021-01-25T19:16:56","date_gmt":"2021-01-25T18:16:56","guid":{"rendered":"https:\/\/terapie-po-netu.cz\/?page_id=1950"},"modified":"2026-03-24T08:48:30","modified_gmt":"2026-03-24T07:48:30","slug":"vseobecne-uzivatelske-podminky","status":"publish","type":"page","link":"https:\/\/terapie-po-netu.cz\/?page_id=1950","title":{"rendered":"V\u0161eobecn\u00e9 u\u017eivatelsk\u00e9 podm\u00ednky"},"content":{"rendered":"\r\n<p><strong>\u00davodn\u00ed ustanoven\u00ed<\/strong><\/p>\r\n\r\n\r\n\r\n<p>Tyto podm\u00ednky se uplatn\u00ed p\u0159i nab\u00eddce, poskytov\u00e1n\u00ed a \u00fahrad\u011b slu\u017eeb nab\u00edzen\u00fdch ve\u0159ejnosti prost\u0159ednictv\u00edm webu terapie-po-netu.<\/p>\r\n\r\n\r\n\r\n<p>Ing. Jana Pra\u017eanov\u00e1, I\u010cO: 44958641, se s\u00eddlem B\u00e1nov 155, 687 54 B\u00e1nov, zaps\u00e1na dne 7. 6. 1995 v \u017eivnostensk\u00e9m rejst\u0159\u00edku veden\u00e9m M\u011bstsk\u00fdm \u00fa\u0159adem v Uhersk\u00e9m Brod\u011b (d\u00e1le jen \u201eProvozovatel\u201c) je provozovatelem internetov\u00e9ho serveru <a href=\"http:\/\/www.terapie-po-netu.cz\">www.terapie-po-netu.cz<\/a> dostupn\u00e9ho z internetov\u00e9 adresy (URL) <a href=\"https:\/\/terapie-po-netu.cz\">https:\/\/terapie-po-netu.cz<\/a>, (d\u00e1le jen \u201eWeb\u201c) kter\u00fd poskytuje u\u017eivatel\u016fm ve\u0159ejn\u011b dostupn\u00e9 informace o \u00fa\u010delu a druz\u00edch poskytovan\u00fdch slu\u017eeb, slou\u017e\u00edc\u00edch ke zlep\u0161en\u00ed kvality \u017eivota klient\u016f Provozovatele.<\/p>\r\n\r\n\r\n\r\n<p>Slu\u017eby nab\u00edzen\u00e9 Provozovatelem maj\u00ed zpravidla charakter osobn\u00ed nebo on line konzultace, p\u0159\u00edpadn\u011b workshopu \u010di semin\u00e1\u0159e, \u010di mas\u00e1\u017en\u00edch slu\u017eeb.<\/p>\r\n\r\n\r\n\r\n<p>Provozovatel t\u00edmto v\u00fdslovn\u011b prohla\u0161uje, \u017ee prost\u0159ednictv\u00edm Webu nejsou poskytov\u00e1ny ani nab\u00edzeny zdravotn\u00ed slu\u017eby ve smyslu z\u00e1kona \u010d. 372\/2011 Sb., o zdravotn\u00edch slu\u017eb\u00e1ch, ve zn\u011bn\u00ed pozd\u011bj\u0161\u00edch p\u0159edpis\u016f (d\u00e1le jen \u201ezdravotn\u00ed slu\u017eby\u201c) a \u00a0jejich poskytov\u00e1n\u00ed nen\u00ed v \u017e\u00e1dn\u00e9m p\u0159\u00edpad\u011b \u00fa\u010delem Webu ani z\u00e1m\u011brem Provozovatele. Jak\u00e1koliv aktivita na Webu nem\u016f\u017ee b\u00fdt vykl\u00e1d\u00e1na v rozporu s t\u00edmto prohl\u00e1\u0161en\u00edm Provozovatele. U\u017eivatel, kter\u00fd m\u00e1 z\u00e1jem o poskytov\u00e1n\u00ed &#8222;zdravotn\u00edch slu\u017eeb&#8220;, si je mus\u00ed zajistit u zdravotnick\u00e9ho za\u0159\u00edzen\u00ed, kter\u00e9 je k jejich poskytnut\u00ed opr\u00e1vn\u011bno dle z\u00e1kona.<\/p>\r\n<p>Prost\u0159ednictv\u00edm Webu nejsou takt\u00e9\u017e nab\u00edzeny, \u010di poskytov\u00e1ny\u00a0 ani psychoterapeutick\u00e9 slu\u017eby ve smyslu v\u00e1zan\u00e9 \u017eivnosti &#8222;Psychologick\u00e9 poradenstv\u00ed a diagnostika&#8220; od 1\/7\/2026 \u201ePoskytov\u00e1n\u00ed slu\u017eeb v oblasti &#8211; psychologick\u00e9ho poradenstv\u00ed a diagnostiky, &#8211; poradensk\u00e9 psychoterapie\u201c\u00a0 (d\u00e1le jen &#8222;psychoterapeutick\u00e9 slu\u017eby&#8220;). Jejich nab\u00eddka a \u00a0jejich poskytov\u00e1n\u00ed nen\u00ed v \u017e\u00e1dn\u00e9m p\u0159\u00edpad\u011b \u00fa\u010delem Webu ani z\u00e1m\u011brem Provozovatele. Jak\u00e1koliv aktivita na Webu nem\u016f\u017ee b\u00fdt vykl\u00e1d\u00e1na v rozporu s t\u00edmto prohl\u00e1\u0161en\u00edm Provozovatele. U\u017eivatel, kter\u00fd m\u00e1 z\u00e1jem o poskytov\u00e1n\u00ed &#8222;psychoterapeutick\u00fdch slu\u017eeb&#8220;, si je mus\u00ed zajistit u terapeuta, \u010di\u00a0 za\u0159\u00edzen\u00ed, kter\u00e9 je k jejich poskytnut\u00ed opr\u00e1vn\u011bno dle \u017eivnostensk\u00e9ho z\u00e1kona.<\/p>\r\n\r\n\r\n\r\n<p><strong>Objedn\u00e1n\u00ed a platebn\u00ed podm\u00ednky<\/strong><\/p>\r\n\r\n\r\n\r\n<p>Objednat se lze telefonicky na \u010d\u00edsle 608 120 042 &#8211; prost\u0159ednictv\u00edm sms zpr\u00e1vy, nebo na mailu <a href=\"mailto:jprazanova@gmail.com\">jprazanova@gmail.com<\/a><\/p>\r\n\r\n\r\n\r\n<p>V\u0161echny slu\u017eby jsou hrazeny v\u00fdhradn\u011b bezhotovostn\u00edm p\u0159evodem na \u00fa\u010det \u010d\u00edslo 2700390619\/2010.<\/p>\r\n\r\n\r\n\r\n<p><strong>Z\u00e1v\u011bre\u010dn\u00e1 ustanoven\u00ed<\/strong><\/p>\r\n\r\n\r\n\r\n<p>Provozovatel si vyhrazuje pr\u00e1vo tyto V\u0161eobecn\u00e9 u\u017eivatelsk\u00e9 podm\u00ednky v p\u0159im\u011b\u0159en\u00e9m rozsahu jednostrann\u011b m\u011bnit, zejm\u00e9na v souvislosti se zm\u011bnou souvisej\u00edc\u00ed legislativy, p\u0159i zm\u011bn\u011b Slu\u017eeb nebo v p\u0159\u00edpad\u011b zm\u011bny provozn\u00edch, organiza\u010dn\u00edch \u010di obchodn\u00edch proces\u016f Provozovatele. Provozovatel je povinen ozn\u00e1mit tuto zm\u011bnu u\u017eivatel\u016fm alespo\u0148 7 dn\u00ed p\u0159ed \u00fa\u010dinnost\u00ed t\u00e9to zm\u011bny.<\/p>\r\n\r\n\r\n\r\n<p>Tyto V\u0161eobecn\u00e9 u\u017eivatelsk\u00e9 podm\u00ednky jsou platn\u00e9 a \u00fa\u010dinn\u00e9 dnem 1. 9. 2019. \u00a0<\/p>\r\n\r\n\r\n\r\n<p>Zm\u011bna V\u0161eobecn\u00fdch u\u017eivatelsk\u00fdch podm\u00ednek vyhrazena.<\/p>\r\n","protected":false},"excerpt":{"rendered":"<p>\u00davodn\u00ed ustanoven\u00ed Tyto podm\u00ednky se uplatn\u00ed p\u0159i nab\u00eddce, poskytov\u00e1n\u00ed a \u00fahrad\u011b slu\u017eeb nab\u00edzen\u00fdch ve\u0159ejnosti prost\u0159ednictv\u00edm webu terapie-po-netu. Ing. Jana Pra\u017eanov\u00e1, I\u010cO: 44958641, [&hellip;]<\/p>\n","protected":false},"author":1,"featured_media":0,"parent":0,"menu_order":0,"comment_status":"closed","ping_status":"closed","template":"","meta":{"jetpack_post_was_ever_published":false,"footnotes":"","_links_to":"","_links_to_target":""},"class_list":["post-1950","page","type-page","status-publish","hentry"],"yoast_head":"<!-- This site is optimized with the Yoast SEO plugin v27.2 - https:\/\/yoast.com\/product\/yoast-seo-wordpress\/ -->\n<title>V\u0161eobecn\u00e9 u\u017eivatelsk\u00e9 podm\u00ednky - Terapie a mentoring<\/title>\n<meta name=\"robots\" content=\"index, follow, max-snippet:-1, max-image-preview:large, max-video-preview:-1\" \/>\n<link rel=\"canonical\" href=\"https:\/\/terapie-po-netu.cz\/?page_id=1950\" \/>\n<meta property=\"og:locale\" content=\"cs_CZ\" \/>\n<meta property=\"og:type\" content=\"article\" \/>\n<meta property=\"og:title\" content=\"V\u0161eobecn\u00e9 u\u017eivatelsk\u00e9 podm\u00ednky - Terapie a mentoring\" \/>\n<meta property=\"og:description\" content=\"\u00davodn\u00ed ustanoven\u00ed Tyto podm\u00ednky se uplatn\u00ed p\u0159i nab\u00eddce, poskytov\u00e1n\u00ed a \u00fahrad\u011b slu\u017eeb nab\u00edzen\u00fdch ve\u0159ejnosti prost\u0159ednictv\u00edm webu terapie-po-netu. Ing. Jana Pra\u017eanov\u00e1, I\u010cO: 44958641, [&hellip;]\" \/>\n<meta property=\"og:url\" content=\"https:\/\/terapie-po-netu.cz\/?page_id=1950\" \/>\n<meta property=\"og:site_name\" content=\"Terapie a mentoring\" \/>\n<meta property=\"article:modified_time\" content=\"2026-03-24T07:48:30+00:00\" \/>\n<meta name=\"twitter:card\" content=\"summary_large_image\" \/>\n<meta name=\"twitter:label1\" content=\"Odhadovan\u00e1 doba \u010dten\u00ed\" \/>\n\t<meta name=\"twitter:data1\" content=\"2 minuty\" \/>\n<script type=\"application\/ld+json\" class=\"yoast-schema-graph\">{\"@context\":\"https:\/\/schema.org\",\"@graph\":[{\"@type\":\"WebPage\",\"@id\":\"https:\/\/terapie-po-netu.cz\/?page_id=1950\",\"url\":\"https:\/\/terapie-po-netu.cz\/?page_id=1950\",\"name\":\"V\u0161eobecn\u00e9 u\u017eivatelsk\u00e9 podm\u00ednky - Terapie a mentoring\",\"isPartOf\":{\"@id\":\"https:\/\/terapie-po-netu.cz\/#website\"},\"datePublished\":\"2021-01-25T18:16:56+00:00\",\"dateModified\":\"2026-03-24T07:48:30+00:00\",\"breadcrumb\":{\"@id\":\"https:\/\/terapie-po-netu.cz\/?page_id=1950#breadcrumb\"},\"inLanguage\":\"cs\",\"potentialAction\":[{\"@type\":\"ReadAction\",\"target\":[\"https:\/\/terapie-po-netu.cz\/?page_id=1950\"]}]},{\"@type\":\"BreadcrumbList\",\"@id\":\"https:\/\/terapie-po-netu.cz\/?page_id=1950#breadcrumb\",\"itemListElement\":[{\"@type\":\"ListItem\",\"position\":1,\"name\":\"Dom\u016f\",\"item\":\"https:\/\/terapie-po-netu.cz\/\"},{\"@type\":\"ListItem\",\"position\":2,\"name\":\"V\u0161eobecn\u00e9 u\u017eivatelsk\u00e9 podm\u00ednky\"}]},{\"@type\":\"WebSite\",\"@id\":\"https:\/\/terapie-po-netu.cz\/#website\",\"url\":\"https:\/\/terapie-po-netu.cz\/\",\"name\":\"Terapie a mentoring\",\"description\":\"Jana Pra\u017eanov\u00e1\",\"potentialAction\":[{\"@type\":\"SearchAction\",\"target\":{\"@type\":\"EntryPoint\",\"urlTemplate\":\"https:\/\/terapie-po-netu.cz\/?s={search_term_string}\"},\"query-input\":{\"@type\":\"PropertyValueSpecification\",\"valueRequired\":true,\"valueName\":\"search_term_string\"}}],\"inLanguage\":\"cs\"}]}<\/script>\n<!-- \/ Yoast SEO plugin. -->","yoast_head_json":{"title":"V\u0161eobecn\u00e9 u\u017eivatelsk\u00e9 podm\u00ednky - Terapie a mentoring","robots":{"index":"index","follow":"follow","max-snippet":"max-snippet:-1","max-image-preview":"max-image-preview:large","max-video-preview":"max-video-preview:-1"},"canonical":"https:\/\/terapie-po-netu.cz\/?page_id=1950","og_locale":"cs_CZ","og_type":"article","og_title":"V\u0161eobecn\u00e9 u\u017eivatelsk\u00e9 podm\u00ednky - Terapie a mentoring","og_description":"\u00davodn\u00ed ustanoven\u00ed Tyto podm\u00ednky se uplatn\u00ed p\u0159i nab\u00eddce, poskytov\u00e1n\u00ed a \u00fahrad\u011b slu\u017eeb nab\u00edzen\u00fdch ve\u0159ejnosti prost\u0159ednictv\u00edm webu terapie-po-netu. Ing. Jana Pra\u017eanov\u00e1, I\u010cO: 44958641, [&hellip;]","og_url":"https:\/\/terapie-po-netu.cz\/?page_id=1950","og_site_name":"Terapie a mentoring","article_modified_time":"2026-03-24T07:48:30+00:00","twitter_card":"summary_large_image","twitter_misc":{"Odhadovan\u00e1 doba \u010dten\u00ed":"2 minuty"},"schema":{"@context":"https:\/\/schema.org","@graph":[{"@type":"WebPage","@id":"https:\/\/terapie-po-netu.cz\/?page_id=1950","url":"https:\/\/terapie-po-netu.cz\/?page_id=1950","name":"V\u0161eobecn\u00e9 u\u017eivatelsk\u00e9 podm\u00ednky - Terapie a mentoring","isPartOf":{"@id":"https:\/\/terapie-po-netu.cz\/#website"},"datePublished":"2021-01-25T18:16:56+00:00","dateModified":"2026-03-24T07:48:30+00:00","breadcrumb":{"@id":"https:\/\/terapie-po-netu.cz\/?page_id=1950#breadcrumb"},"inLanguage":"cs","potentialAction":[{"@type":"ReadAction","target":["https:\/\/terapie-po-netu.cz\/?page_id=1950"]}]},{"@type":"BreadcrumbList","@id":"https:\/\/terapie-po-netu.cz\/?page_id=1950#breadcrumb","itemListElement":[{"@type":"ListItem","position":1,"name":"Dom\u016f","item":"https:\/\/terapie-po-netu.cz\/"},{"@type":"ListItem","position":2,"name":"V\u0161eobecn\u00e9 u\u017eivatelsk\u00e9 podm\u00ednky"}]},{"@type":"WebSite","@id":"https:\/\/terapie-po-netu.cz\/#website","url":"https:\/\/terapie-po-netu.cz\/","name":"Terapie a mentoring","description":"Jana Pra\u017eanov\u00e1","potentialAction":[{"@type":"SearchAction","target":{"@type":"EntryPoint","urlTemplate":"https:\/\/terapie-po-netu.cz\/?s={search_term_string}"},"query-input":{"@type":"PropertyValueSpecification","valueRequired":true,"valueName":"search_term_string"}}],"inLanguage":"cs"}]}},"jetpack_shortlink":"https:\/\/wp.me\/P4XxZX-vs","jetpack_sharing_enabled":true,"jetpack_likes_enabled":true,"_links":{"self":[{"href":"https:\/\/terapie-po-netu.cz\/index.php?rest_route=\/wp\/v2\/pages\/1950","targetHints":{"allow":["GET"]}}],"collection":[{"href":"https:\/\/terapie-po-netu.cz\/index.php?rest_route=\/wp\/v2\/pages"}],"about":[{"href":"https:\/\/terapie-po-netu.cz\/index.php?rest_route=\/wp\/v2\/types\/page"}],"author":[{"embeddable":true,"href":"https:\/\/terapie-po-netu.cz\/index.php?rest_route=\/wp\/v2\/users\/1"}],"replies":[{"embeddable":true,"href":"https:\/\/terapie-po-netu.cz\/index.php?rest_route=%2Fwp%2Fv2%2Fcomments&post=1950"}],"version-history":[{"count":3,"href":"https:\/\/terapie-po-netu.cz\/index.php?rest_route=\/wp\/v2\/pages\/1950\/revisions"}],"predecessor-version":[{"id":2352,"href":"https:\/\/terapie-po-netu.cz\/index.php?rest_route=\/wp\/v2\/pages\/1950\/revisions\/2352"}],"wp:attachment":[{"href":"https:\/\/terapie-po-netu.cz\/index.php?rest_route=%2Fwp%2Fv2%2Fmedia&parent=1950"}],"curies":[{"name":"wp","href":"https:\/\/api.w.org\/{rel}","templated":true}]}}